(c) = -2*c**3 + 11306*c**2 + 998751*c - 781. Determine q(-87).
2
Let j(r) = -34*r**2 + 1980*r - 13658. Calculate j(8).
6
Let l(j) = -6*j**3 - 26*j**2 - 272*j + 1980. What is l(7)?
-3256
Let i(f) = -19482*f - 4987376. Determine i(-256).
16
Let p(j) = 2025*j**2 - 125545*j - 196. Give p(62).
114
Let y(c) = -c**3 - 174*c**2 - 336*c - 286. Give y(-172).
-1662
Let g(y) = -5*y**2 + 922*y - 20227. Determine g(159).
-34
Let c(s) = -21*s**2 - 137*s + 759. What is c(-11)?
-275
Let s(f) = -3*f**3 - 142*f**2 + 22*f - 62. Calculate s(-48).
3490
Let m(s) = -s**2 - 30659*s + 276009. Give m(9).
-3
Let p(r) = 66*r**2 + 11482*r - 354. Calculate p(-174).
-6
Let a(t) = t**3 - 59*t**2 - 272*t + 860. Determine a(63).
-400
Let b(l) = 502*l + 27031. Calculate b(-54).
-77
Let p(q) = 134*q**2 + 475*q - 244. Calculate p(-4).
0
Let g(o) = o**2 - 29*o - 492. What is g(39)?
-102
Let m(f) = 2462*f + 26973. Give m(-11).
-109
Let t(f) = -20083*f + 662247. Give t(33).
-492
Let s(x) = 2450*x + 7092. Calculate s(-4).
-2708
Let x(t) = 2*t**2 + 814*t + 1626. Calculate x(-2).
6
Let m(q) = 2*q**3 + 135*q**2 + 1649*q + 5. What is m(-16)?
-11
Let i(m) = -4*m**3 + 259*m**2 - 190*m - 39. Give i(64).
89
Let m(u) = u**3 - 9*u**2 - 394*u + 1543. What is m(4)?
-113
Let b(a) = -659*a + 3280. What is b(5)?
-15
Let q(u) = -u**3 + 206*u**2 + 175*u + 50125. Calculate q(208).
-3
Let j(k) = k**3 + 136*k**2 + 1401*k + 3532. Calculate j(-125).
282
Let k(v) = -v**3 - 463*v**2 + 601*v + 63622. Calculate k(-464).
54
Let r(m) = -200*m**2 + 306*m - 4. What is r(2)?
-192
Let i(f) = -f**3 + 923*f**2 - 46968*f + 36483. What is i(869)?
-15
Let w(j) = 2*j**3 + 19*j**2 - 118*j - 1030. Calculate w(-12).
-334
Let a(g) = 10*g**2 - 10601*g + 52783. Give a(5).
28
Let y(p) = p**3 - 509*p**2 + 2516*p + 2006. Determine y(504).
-10
Let y(n) = -8457*n - 42325. Calculate y(-5).
-40
Let g(b) = -17*b**2 + 4913*b - 9866. Calculate g(287).
-108
Let c(t) = 106757*t + 106329. Determine c(-1).
-428
Let s(u) = 55*u**3 - 32*u**2 + 74*u + 4. Determine s(3).
1423
Let a(y) = y**3 + 129*y**2 + 130*y + 396. Determine a(-128).
140
Let j(l) = -117*l**2 - 2659*l + 162. Calculate j(-23).
-574
Let a(c) = -108*c - 2357. Give a(-31).
991
Let m(z) = 186*z**2 - 597*z - 55. Give m(5).
1610
Let u(v) = 6*v**2 + 53*v - 22. What is u(0)?
-22
Let f(b) = 3*b**3 - 163*b**2 - 1041*b + 149. What is f(-6)?
-121
Let q(w) = 16*w**2 + 933*w + 5558. Determine q(-6).
536
Let i(y) = 1597048*y + 11179314. Determine i(-7).
-22
Let n(t) = -30*t**2 + 761*t - 1630. Determine n(23).
3
Let f(o) = 22*o**2 + 1219*o - 12777. Give f(9).
-24
Let d(r) = -538*r + 4130. Give d(9).
-712
Let h(y) = -44*y**3 - 528*y**2 + 34*y + 86. Give h(-12).
-322
Let i(a) = a**2 - 438*a + 39390. Determine i(130).
-650
Let r(b) = 25*b**2 - 3946*b - 8482. Calculate r(160).
158
Let f(s) = 106422*s - 4576267. Determine f(43).
-121
Let m(w) = 3*w**2 - 771*w - 4231. What is m(253)?
-7267
Let o(m) = 75336*m - 51529816. Give o(684).
8
Let l(z) = -1581*z**2 + 28*z + 2. Determine l(1).
-1551
Let a(x) = 1427*x + 232392. Calculate a(-163).
-209
Let z(u) = 316*u**2 + 8516*u - 375. Calculate z(-27).
57
Let w(h) = -h**3 - 220*h**2 - 2061*h - 504340. What is w(-221)?
-18
Let n(d) = 1437*d - 445. Determine n(1).
992
Let d(i) = -2327*i + 1114576. Determine d(479).
-57
Let k(s) = 25671*s - 39. Calculate k(0).
-39
Let j(u) = -140*u**2 - 3278*u + 5556. Give j(-25).
6
Let r(n) = 19236*n - 27. What is r(0)?
-27
Let g(f) = f**2 - 306*f + 10080. Give g(38).
-104
Let c(o) = -4*o**2 + 219*o - 2578. Calculate c(11).
-653
Let n(t) = -93*t**3 + 12184*t**2 - 139*t + 1059. What is n(131)?
11
Let r(d) = -d**3 + 22*d**2 - 113*d + 1196. Give r(18).
458
Let t(z) = 14*z**2 - 17*z - 749. Determine t(-6).
-143
Let q(l) = 6*l**3 - 139*l**2 - 267*l - 190. What is q(25)?
10
Let v(z) = -z**3 - 13*z**2 - 46*z + 13. Determine v(-7).
41
Let d(p) = 511*p + 82303. What is d(-161)?
32
Let f(q) = 4737*q - 4723. Give f(1).
14
Let z(l) = -834*l - 265597. Calculate z(-319).
449
Let r(p) = -p**3 - 150*p**2 + 9140*p + 5592. Give r(47).
-1
Let g(v) = 936*v**2 + 183453*v - 594. Give g(-196).
-6
Let d(k) = -k**2 + 26865*k + 295639. Give d(-11).
3
Let b(x) = x**3 - 377*x**2 - 4677*x + 3495. What is b(389)?
-6
Let s(i) = -930*i + 314164. Determine s(338).
-176
Let o(v) = -45*v**2 - 2546*v + 1161. What is o(-57)?
78
Let u(a) = 12*a**2 + 76*a - 1100. Determine u(7).
20
Let i(f) = f**2 - 7765*f + 9. Determine i(0).
9
Let u(b) = -2*b**3 - 177*b**2 + 228990*b - 894. Calculate u(297).
-3
Let z(c) = 26856*c - 1315983. Give z(49).
-39
Let y(o) = 6*o**3 + 129*o**2 - 227*o - 6159. Calculate y(-21).
-69
Let t(c) = 631744*c + 8844414. Give t(-14).
-2
Let h(m) = -15*m**3 - 432*m**2 - 1792*m - 24. Calculate h(-5).
11
Let u(q) = -q**3 - 4*q**2 + 207*q - 761. Calculate u(4).
-61
Let q(j) = 18204*j + 3294923. Give q(-181).
-1
Let i(z) = z**3 - 1814*z**2 + 32424*z - 172418. Determine i(1796).
-2
Let x(s) = -3*s**2 - 20517*s + 82073. Calculate x(4).
-43
Let i(y) = -2*y**3 + 13*y**2 - 318*y + 596. Give i(2).
-4
Let l(m) = 2*m**3 + 35*m**2 - 14*m + 39. What is l(-18)?
-33
Let k(r) = -71*r**2 + 840*r + 32. Calculate k(13).
-1047
Let u(f) = -55720*f - 55742. Calculate u(-1).
-22
Let t(w) = w**3 + 157*w**2 - 7878*w - 16. Calculate t(40).
64
Let q(g) = -g**3 - 54*g**2 + 699*g - 1054. Determine q(-65).
-14
Let q(u) = -22602*u + 67827. Give q(3).
21
Let x(h) = 10319*h - 175359. Calculate x(17).
64
Let p(x) = 20310*x - 1035791. Give p(51).
19
Let n(d) = d**3 + 207*d**2 - 4*d + 4. Determine n(0).
4
Let k(o) = -13*o**2 + 92*o + 184. Give k(8).
88
Let o(d) = 43730*d - 786587. Calculate o(18).
553
Let t(p) = -305*p + 2498. What is t(8)?
58
Let g(u) = 1245*u + 110673. Determine g(-89).
-132
Let a(s) = -106*s + 2956. Give a(26).
200
Let j(a) = 29*a - 738. What is j(5)?
-593
Let o(a) = 254*a - 35699. What is o(141)?
115
Let r(m) = m**3 - 30*m**2 - 7643*m + 94304. What is r(12)?
-4
Let v(k) = 43*k**2 + 785*k - 15147. Give v(-30).
3
Let y(f) = f**3 + 188*f**2 - 1968*f + 2202. Give y(-198).
-174
Let r(d) = 6*d**2 + 5978*d + 111410. Calculate r(-19).
-6
Let y(h) = -666*h - 157828. Determine y(-237).
14
Let r(a) = 60110*a - 300782. Give r(5).
-232
Let j(h) = 3*h**2 - 86392*h - 432046. What is j(-5)?
-11
Let o(h) = -h**3 + 12*h**2 - 995*h + 6738. What is o(7)?
18
Let f(d) = 8*d**2 - 412*d + 2487. Calculate f(44).
-153
Let k(s) = -s**2 + 300*s + 21577. What is k(360)?
-23
Let g(k) = -31*k + 173. Give g(-9).
452
Let c(y) = -y**3 + 258*y**2 + 1056*y + 31. Determine c(-4).
-1
Let k(i) = 30*i**2 + 576*i + 2015. What is k(-15)?
125
Let s(v) = -8*v**3 + 44*v**2 + 1026*v - 172. What is s(-9)?
-10
Let s(y) = 3*y**3 - 3*y**2 - 176*y + 571. Give s(3).
97
Let c(v) = 1728*v + 152420. Calculate c(-89).
-1372
Let j(y) = 2*y**3 - 2*y**2 - 7244*y + 2. Give j(0).
2
Let g(n) = 73*n**2 - 98*n - 117. Give g(7).
2774
Let p(a) = -a**2 - 189*a - 4744. Determine p(-34).
526
Let t(r) = 8*r**2 + 137*r + 471. Calculate t(-9).
-114
Let j(p) = -17*p**2 - 70801*p + 70803. What is j(1)?
-15
Let b(m) = -m**3 - 25*m**2 - 2228*m - 50178. Calculate b(-23).
8
Let m(f) = 5*f**2 + 10360*f - 31088. Determine m(3).
37
Let w(p) = -90*p**3 + 5*p**2 - 7*p + 7. Determine w(2).
-707
Let a(y) = -478148*y - 7. Determine a(0).
-7
Let x(g) = 7*g**3 + 18*g**2 + 11*g + 11. What is x(-3)?
-49
Let i(n) = -3*n**2 - 7164*n - 142071. Give i(-20).
9
Let q(t) = 3*t**3 + 748*t**2 + 249*t + 772. Calculate q(-249).
772
Let m(c) = -373*c**2 - 171*c - 98. Calculate m(-2).
-1248
Let i(m) = 13*m**3 - 1298*m**2 + 3620*m - 3014. Determine i(97).
-7
Let p(r) = 581*r**2 - 1169*r + 5. Calculate p(2).
-9
Let h(v) = -34*v**3 - 134*v**2 + 46*v + 190. Determine h(-4).
38
Let k(n) = 5*n**2 - 16*n - 2007. What is k(-18)?
-99
Let a(h) = 63*h**2 + 110*h - 1442. What is a(4)?
6
Let w(s) = -101*s + 9280. Give w(101).
-921
Let q(k) = -2785*k + 27864. Give q(10).
14
Let s(k) = -27236*k + 435783. Calculate s(16).
7
Let i(o) = 1299*o - 9109. Determine i(7).
-16
Let g(z) = 39*z**3 - 7*z**2 + 9*z + 15. Give g(-1).
-40
Let n(h) = 8*h**2 - 205*h - 1269. What is n(-6)?
249
Let y(w) = -w**2 + 144616*w - 6794743. Determine y(47).
0
Let r(b) = -2*b**2 + 194*b - 2270. Calculate r(11).
-378
Let c(k) = 74595*k - 1566495. What is c(21)?
0
Let t(a) = -130*a**2 - 990*a - 96. Give t(-